 10) in base 4?
-1002331
Convert -651 (base 14) to base 11.
-a34
What is -726 (base 8) in base 16?
-1d6
2865 (base 15) to base 16
21c5
What is 294 (base 12) in base 10?
400
What is 89a (base 12) in base 15?
59a
What is -111044 (base 5) in base 9?
-5312
Convert 3d91 (base 14) to base 8.
25233
Convert 1172 (base 9) to base 10.
875
What is -479 (base 15) in base 11?
-842
79 (base 11) to base 16
56
What is -2321130 (base 5) in base 3?
-2010200001
What is -3145 (base 7) in base 9?
-1464
-26d (base 16) to base 11
-515
What is -478 (base 9) in base 13?
-245
What is 3632 (base 9) in base 5?
41302
What is 110 (base 15) in base 14?
132
Convert -217 (base 16) to base 8.
-1027
What is -2201201 (base 5) in base 13?
-141c2
2676 (base 14) to base 13
3108
Convert 230 (base 6) to base 8.
132
What is 1a67 (base 11) in base 9?
3524
What is 17b90 (base 13) in base 2?
1011001101011100
Convert -1200021112 (base 3) to base 12.
-17128
4aa2 (base 12) to base 16
211a
What is -226266 (base 7) in base 14?
-10b36
120110 (base 3) to base 2
110100001
432 (base 8) to base 3
101110
Convert -5206 (base 7) to base 3.
-2111101
33511 (base 6) to base 4
1021303
-33021 (base 4) to base 13
-597
-20300 (base 4) to base 15
-275
Convert -31110 (base 4) to base 7.
-2325
What is 1331 (base 14) in base 8?
6457
-11222020 (base 3) to base 14
-146c
Convert 1322b (base 13) to base 14.
cd39
Convert -5030 (base 6) to base 3.
-1111200
Convert -5549 (base 11) to base 15.
-2278
-677c (base 13) to base 10
-14468
What is 1baa (base 14) in base 13?
23b6
What is -6333 (base 7) in base 8?
-4265
-797 (base 15) to base 5
-23332
What is -12237 (base 10) in base 3?
-121210020
Convert -17147 (base 9) to base 16.
-2e0c
Convert -387 (base 9) to base 4.
-11002
12a2 (base 13) to base 6
20203
What is -6c7 (base 14) in base 13?
-7cc
-21153 (base 7) to base 3
-21011210
7c74 (base 15) to base 8
63502
646a (base 12) to base 10
11026
Convert -111132 (base 5) to base 15.
-1262
Convert -241340 (base 5) to base 15.
-29d0
-1122111 (base 3) to base 10
-1201
What is -230a (base 13) in base 15?
-16c6
Convert 41102 (base 5) to base 13.
1290
Convert -12211312 (base 4) to base 13.
-c39a
-1010001111 (base 2) to base 14
-34b
Convert 958 (base 13) to base 8.
3072
What is 1277 (base 13) in base 4?
221021
Convert -e76 (base 15) to base 16.
-cbd
What is -1224 (base 5) in base 13?
-117
What is -10133131 (base 4) in base 8?
-43735
-8ef6 (base 16) to base 10
-36598
2a79a (base 13) to base 2
10011101000010010
34043 (base 5) to base 6
15034
What is -22001 (base 5) in base 9?
-2047
Convert 16545 (base 8) to base 15.
236a
What is 741 (base 15) in base 4?
121210
What is 222222 (base 4) in base 3?
10202010
-11047 (base 9) to base 12
-42b1
10011202 (base 3) to base 12
140b
What is -39a (base 11) in base 9?
-574
-1131 (base 5) to base 9
-204
Convert -5466 (base 8) to base 10.
-2870
-1222 (base 10) to base 15
-567
What is -2ac6 (base 13) in base 6?
-44530
What is 11001001000100 (base 2) in base 7?
52342
What is -315 (base 9) in base 10?
-257
What is 421 (base 13) in base 4?
22333
5348 (base 14) to base 6
150312
1101100110111 (base 2) to base 5
210332
Convert -36c (base 14) to base 10.
-684
What is -10100000100 (base 2) in base 15?
-5a9
-23e (base 16) to base 2
-1000111110
1502 (base 7) to base 16
24e
Convert db0 (base 16) to base 5.
103004
9ab (base 14) to base 10
1915
What is -2438 (base 14) in base 8?
-14262
What is 115 (base 15) in base 4?
3311
What is 10 (base 2) in base 12?
2
What is -101000011 (base 2) in base 11?
-274
What is 1c9a1 (base 13) in base 15?
11b6c
-35 (base 15) to base 14
-38
Convert -7586 (base 12) to base 7.
-52443
What is -11303 (base 9) in base 5?
-220121
Convert 7422 (base 16) to base 7.
152451
What is 20002101 (base 4) in base 7?
164646
436 (base 11) to base 15
24d
-111111101000000 (base 2) to base 10
-32576
1221344 (base 5) to base 16
5b35
What is 2c3a (base 13) in base 6?
45543
2aba (base 14) to base 12
44a4
-669 (base 11) to base 16
-321
What is 9d7a (base 16) in base 11?
2831a
1202010122 (base 3) to base 8
103071
Convert 241401 (base 7) to base 8.
125356
e8 (base 15) to base 14
118
225 (base 8) to base 15
9e
Convert -24332 (base 5) to base 6.
-12310
Convert -9794 (base 14) to base 15.
-7b68
-19bc (base 16) to base 12
-3990
Convert -101011010101 (base 2) to base 14.
-1021
Convert -1487 (base 9) to base 13.
-691
-1463 (base 7) to base 9
-718
What is 15db (base 14) in base 2?
111101001101
What is 3200232 (base 4) in base 11?
a895
What is 11002120010 (base 3) in base 4?
103223112
What is -1123304 (base 6) in base 13?
-203bc
-1767 (base 8) to base 15
-47a
-111000010010 (base 2) to base 12
-2102
Convert 52412 (base 8) to base 14.
7d10
Convert -1436 (base 11) to base 3.
-2112200
What is 62a (base 14) in base 15?
55e
What is 12275 (base 12) in base 5?
1241234
-101011100 (base 2) to base 7
-1005
-3d6 (base 15) to base 4
-31230
-797 (base 15) to base 11
-1321
-a6e (base 16) to base 2
-101001101110
6398 (base 16) to base 11
18179
Convert 26a (base 11) to base 9.
383
2096 (base 10) to base 3
2212122
What is -2200100 (base 3) in base 5?
-30303
-34189 (base 10) to base 9
-51807
What is -1341 (base 12) in base 6?
-14121
-722 (base 12) to base 4
-100022
40112 (base 5) to base 10
2532
Convert -10001 (base 2) to base 7.
-23
Convert 40133 (base 11) to base 3.
2222112212
Convert -536 (base 10) to base 13.
-323
-6d1 (base 14) to base 11
-1026
4614a (base 11) to base 9
111468
22203131 (base 4) to base 7
240014
What is 110222 (base 4) in base 15?
5d2
331 (base 13) to base 9
667
Convert -58c (base 15) to base 8.
-2351
What is 11513 (base 6) in base 10?
1701
72b9 (base 13) to base 12
9225
Convert -312102 (base 4) to base 8.
-6622
Convert 50a (base 13) to base 3.
1011200
What is -1067 (base 8) in base 2?
-1000110111
-5172 (base 10) to base 15
-17ec
-31133 (base 5) to base 3
-2210200
Convert 8d2 (base 15) to base 3.
2201222
What is 1211212021 (base 3) in base 14?
d365
-4289 (base 10) to base 4
-1003001
What is 20305 (base 6) in base 7?
10613
Convert 263 (base 7) to base 12.
bb
What is 2100202 (base 3) in base 14?
8ad
Convert 21103 (base 7) to base 10.
5197
-26e (base 16) to base 9
-761
Convert 13176 (base 9) to base 4.
2023002
342003 (base 5) to base 16
2f60
Convert -2157 (base 8) to base 15.
-50a
What is 1100001000101 (base 2) in base 12?
3719
What is -3f0 (base 16) in base 5?
-13013
3279 (base 15) to base 16
29c1
What is -198 (base 14) in base 13?
-1c5
Convert -3872 (base 9) to base 10.
-2900
Convert 1040 (base 7) to base 16.
173
30451 (base 7) to base 3
101012101
Convert -20330323 (base 4) to base 12.
-19277
-20112112 (base 3) to base 15
-162b
Convert -61554 (base 10) to base 5.
-3432204
What is 1211312 (base 4) in base 10?
6518
322b3 (base 12) to base 16
10227
-536a (base 11) to base 3
-100201202
-b23 (base 12) to base 6
-11243
What is 232 (base 12) in base 10?
326
What is -130020 (base 4) in base 2?
-11100001000
What is 20220211 (base 3) in base 12?
2b04
Convert -3d22 (base 16) to base 8.
-36442
Convert 7111 (base 10) to base 12.
4147
-2144 (base 7) to base 2
-1011111111
543 (base 9) to base 2
110111100
What is a66 (base 13) in base 11?
1373
1463 (base 15) to base 6
32120
Convert 40412 (base 5) to base 8.
5057
122002 (base 3) to base 5
3321
Convert -f1b (base 16) to base 8.
-7433
-203 (base 7) to base 8
-145
Convert 286 (base 13) to base 5.
3243
Convert -32 (base 6) to base 3.
-202
What is 156 (base 10) in base 3?
12210
Convert -2164 (base 7) to base 5.
-11111
-30030 (base 4) to base 15
-370
aa5 (base 13) to base 5
24300
Convert 2072 (base 10) to base 7.
6020
-1102111 (base 3) to base 13
-61c
2a1 (base 16) to base 7
1651
Convert 4300 (base 7) to base 16.
5ef
Convert 21435 (base 7) to base 16.
14f7
What is -2cc (base 15) in base 16?
-282
Convert 589 (base 11) to base 10.
702
Convert 916 (base 12) to base 9.
1720
Convert 47 (base 10) to base 9.
52
Convert 101101110 (base 2) to base 7.
1032
e41 (base 16) to base 14
1489
-1a46 (base 11) to base 2
-101000011111
-154263 (base 7) to base 16
-7677
Convert 61b (base 16) to base 12.
aa3
-3236 (base 11) to base 6
-31442
-114122 (base 5) to base 16
-10bf
Convert 1002 (base 6) to base 14.
118
Convert 216564 (base 7) to base 12.
1a250
What is 1536 (base 9) in base 2?
10010001111
14c73 (base 13) t